f (-9 - (6 + -30) - -7) + (0 - 1)?
21
(-32 - (30 + -55)) + 61
54
Evaluate 10 + 1 - ((163 - 148) + 52).
-56
What is (2 - ((1 - 17) + 51 + -44)) + 73 + -10?
74
Evaluate 17 + (-70 - (-9 + (-13 - 4))).
-27
What is the value of 43 - (39 + (-2 - 11) - 2)?
19
Calculate (-28145 - -28121) + -56 + (-2 - -2).
-80
What is -45 + (1 - ((8 - -3) + (-6 - 8)))?
-41
What is the value of -11 + ((304 - 304) + (0 - -67) - -4) + -12?
48
What is 60 + 1 - (-9506 - -9519)?
48
Calculate -15 + (9 - -22 - 34 - (0 + -1)).
-17
Calculate 58 - (-36 + 28 + 21).
45
What is 39 + -44 - (1 - 43)?
37
Calculate -32 - ((-2 - -2) + -6 + (-1331 - -1330)).
-25
Evaluate -17 + -36 + 105 + -53.
-1
What is 48 - (0 + (-46 - -7) + 25)?
62
What is -76 - (-2 + (14 - 22 - (-6 + -6)) - 11)?
-67
Calculate -46 - (18 - (28 + -12 + -4)).
-52
Calculate -17 - (15 + -37 - 10) - (-3 + -10 - -3).
25
Evaluate -4 - (8 - (12 + 7)) - 77 - (-3 - -4).
-71
What is the value of (-24 - 118 - -59) + 36?
-47
Calculate 65 + -1 + -61 + 47 + (8 - 2).
56
Calculate -30 - -2 - (31 - (6 - (-10 + -26))).
-17
Calculate (-1 - -5) + 1 - (-1 + (7 - (1 - -4))).
4
Evaluate -1 + 130 - (-56 + -53 + 140).
98
Calculate 51 + -103 + (61 - 6).
3
What is 12 - (-23 + (-56 - -90) + 0 + 8)?
-7
Evaluate -116 - -1 - (-92 + -102 + 153).
-74
-83 - -38 - 38 - -21
-62
Evaluate 24 - 1 - (26 - (0 + 20 + 4)).
21
(-30 - (7 + -13)) + (34 - 42)
-32
Calculate (-16 + 6 - -37 - 22) + (18 - 1 - 5).
17
Calculate 25 + (-1 - -11 - (-30 - (34 + -61))).
38
What is the value of (12 - 4) + -8 + 5 - (-9 - (8 + 1))?
23
What is -20 + (1 + -9 - (1 + 19 - 26))?
-22
Calculate 447 + -442 - ((3 - 2) + -24 + -5).
33
What is -19 + 56 - (276 - 196)?
-43
What is the value of (-6 - (-3 + 5)) + (75 - 21) + -44?
2
What is 44 + (-44 - -18) + -32?
-14
What is -14 - 34 - (3 - (22 + -26))?
-55
What is the value of (29 - 1 - (44 - 25)) + -17?
-8
Evaluate -1 + 24 + (36 + 17 - 63).
13
35 - (-16 + (42 - -43))
-34
What is the value of 3 - ((8 - 0) + -8) - (-10 - -22)?
-9
What is -3 - -1 - (35 - (-10 - (15 - 17)))?
-45
What is the value of (3 - (15 + 23)) + 42 + 28?
35
What is the value of (-21 - 4) + 34 + -50?
-41
What is -6 + -5 + (-10 - (-12 + (3 - -13)))?
-25
(-72 - (2 - -2)) + (106 - 115) + (0 - -2)
-83
Evaluate 36 + -32 + (-5 - -1) + -48 + -3 + 9.
-42
What is the value of 7 - ((-3 - 0) + (-23 - (-19 + 8)))?
22
What is (68 - -4) + (-344 - -230)?
-42
Calculate (-44 - (-39 + -15)) + (-2 - -6).
14
What is -49 - ((-101 - -66) + -15)?
1
Evaluate (2 - (-20 + 15 - -11)) + -33.
-37
What is the value of 16 - (22 + -34 + 3 - (-5 + -1))?
19
What is the value of (27 - 4) + -1 - (-7 - -13) - (13 + -7)?
10
Calculate (82 - 151 - -121) + (-20 - -1).
33
What is 65 - (-2 + -7 + 3) - (10 + -5)?
66
72 + (-17 - (-4 + 12)) - (-2 - 9)
58
Calculate -23 + (1 + 31 - (-745 - -755)).
-1
What is 56 - (-2 - ((5 - (8 - 3)) + (17 - 12)))?
63
-50 + (-2 - -49) + 10
7
What is ((0 - -2) + (-1 - 1) - (-2408 + 2364)) + -5?
39
Calculate (-58 - -59 - (-1 + 12)) + -35.
-45
Calculate (0 - -20) + -64 + (50 - -53).
59
Evaluate (-85 - (-103 - -130)) + 66.
-46
Calculate 138 - ((-47 - -25) + 84).
76
What is (-18 - 1 - -7) + (25 - 24) + (1 - -60)?
50
What is the value of (39 - (-7 + 15 + -4 + -11)) + (2 - -5)?
53
(-65 + 66 - 14) + (45 - -1)
33
-39 + 43 + 52 - 24
32
Evaluate (-34 - -33 - (-7 - (-1 + 3))) + 2 + 1.
11
Evaluate 6 - 43 - ((-46 - -24) + 12) - (-1 + -6).
-20
What is 33 + 3 + -6 + -5 + (-8 - 3) + 7?
21
What is the value of 14 + -7 - -6 - (57 + -49 - (1 - -15))?
21
Evaluate 16 + -8 + (9 - (-5 + -1 - -5)).
18
Evaluate -1 + ((-4 - -2 - 1) + -82 - (-27 - -17)).
-76
What is (-31 - (18 + -51)) + (2 - 8) + -10?
-14
2 + -55 + 3 + (-45 + 44 - (-9 - -7))
-49
Calculate (-6 - (4 + -8)) + -22 + 22 + (-47 - -25).
-24
What is 7 + (-3 - -1) - (-4 + -35 + 9 - 109)?
144
What is the value of -193 - -150 - (3 + -54)?
8
What is the value of 34 + (-22 - -30) + -12?
30
Calculate 7663 + -7758 + 13 + (-2 - -1).
-83
What is (-12110 - -12091) + (0 + -1 - -60)?
40
What is -15 + -1 - (-2 + 58 + -35)?
-37
-12 - (7 + -17 + -12 + 28)
-18
What is the value of 7 - 31 - (-8 + 9 + -19)?
-6
What is the value of 42 + 33 - (-12 + 60)?
27
What is 4512 + -4472 - (89 - -1)?
-50
Evaluate (66 - 1) + (6 - 23) + (1 - -29) + -13.
65
What is (-69 - -80) + 70 + -216?
-135
What is (-299 + 302 - (13 - 1)) + 4?
-5
What is 4 + (2 + -6 - (39 + -28))?
-11
Evaluate (80 - 14 - 37) + -38 - (-1 - -1).
-9
Calculate 14 + -52 + 6 - -31 - (1 + 1).
-3
Calculate (-1 - -1) + -9 + (-48 - (-21 - 0)).
-36
Calculate -13 - -4 - (173 - 224).
42
11 - (-4 + -11 + 24) - (-53 + 1)
54
2 + -58 + (3534 - 3469)
9
11 + (67 - 98) + 65
45
What is -29 + 78 - 82 - -37?
4
What is the value of 4 + -2 - -6 - 42 - (-27 + 39)?
-46
Evaluate (-46 - -1) + (32 - (-24 + 59)) + (-2 - 4).
-54
Calculate -18 + 24 - 13 - 52 - (12 - (6 + -6)).
-71
Evaluate 14 - (-6 - -12) - (67 - (-6 - -20)).
-45
Evaluate 124 + -17 - 61 - (26 - -7).
13
Evaluate 0 + 16 - ((17 - 17) + -30).
46
What is the value of (1381 - 1452) + (22 - 2)?
-51
(-3 - 3) + (-1 - (-12 - 8)) + -24
-11
What is the value of (-9 + -3 - (1 - 0)) + 3509 + -3512?
-16
What is the value of (36 - 50) + (-4 - (3 - 10)) + 1 + 12?
2
Calculate 50 - (-78 - -71) - -16.
73
Evaluate (-5 - 2) + (1934 + -1918 - (-2 + 119)).
-108
-59 + (41 - 23) + 31
-10
What is the value of (2 + 9 - (66 + -55)) + (-4 - -4) + 29?
29
(0 - -3) + 10 + 24 + -23 + 13
27
What is the value of -33 - ((13 - (15 + -20)) + -5) - (1 - 11)?
-36
Evaluate 564 + -659 + 8 + 88.
1
Calculate -7 + -2 + (-86 - -263) + -209.
-41
What is the value of -2 - (-12 - 19 - -17) - (82 - 2)?
-68
Calculate (-3 - (-5 + 4)) + -20 + 43 - 127.
-106
What is 3 + (3 - (17 - 41 - -82))?
-52
What is 0 - -12 - (-1 + -9 + 21 + -14)?
15
What is the value of -3090 + 3102 + 0 + (-5 + 3 - 71)?
-61
What is 18 + -26 + 14 + 8 + 3 + 6?
23
What is the value of 113 + (4 - 2) + -25 + 8 + -7?
91
Evaluate -17 + (39 + -128 - -45) - ((-2 - 6) + -2).
-51
Calculate -56 - (-106 + -54 + 71).
33
4 + (9 - 19 - 6) + 36 + -76
-52
Calculate 7 + (-42 - 74 - -43) + (6 - -1).
-59
Calculate (732 - 806) + (-3 - 1) + -21 + 17.
-82
What is (3 - (-11 - (-10 - -4))) + (-28 - -49)?
29
Evaluate 2 + -1 - 4 - (168 + -141 + -45).
15
450 - (171 - 12) - 166
125
Evaluate 196 + -212 + (0 - -16) - 68.
-68
What is the value of 14 - (1 + 40 + 160 + -115 + -26)?
-46
What is the value of (-2 - (5 - 0)) + (-237 - -189) + (-9 - 0)?
-64
What is (2 - 32) + (40 - (89 + -47))?
-32
What is the value of -1 + 0 - (-12 + 84 + -84)?
11
Evaluate -8 + 9 + -16 + 5.
-10
What is the value of (-9 - 2) + -3 + 7 + 4 - 21?
-24
-126 + 113 + ((-6 - -6) + 0 - 42)
-55
What is -1 + 5 + 74 + -68 - (4 - 3 - 3)?
12
Calculate (82 - 70) + (-4 - (-4 - -8)) - 94.
-90
What is the value of 150 - (19 + 129) - -62?
64
-4 - (3 + -6) - (22 + (16 - 30))
-9
What is the value of -1011 - -1011 - (2 - -22)?
-24
-54 - ((48 - -11 - 51) + (-13 - 2))
-47
Evaluate -19 + (5 - (-19 + 5)) + -7.
-7
-2 + 50 - ((-11 + 1 - 7) + 18)
47
Calculate -8 - (10 - (-32 + 45 + -22)).
-27
What is the value of (137 - (6 + 98)) + 83?
116
(-11 + -65 - (-5 - (13 + -17))) + (1 - -1)
-73
What is the value of -1 - (-15 - -35 - (8 + -3))?
-16
(0 - 2) + -45 + 18 - (16 - 10)
-35
23 - (97 - (45 + 8 + -24))
-45
Calculate -4 + -5 - (-7 + -16 + 5).
9
What is the value of -6 - (77 + 7 - 69)?
-21
Calculate (6 - -1) + 5 + (-18 - -33) + -20.
7
What is the value of -39 - ((-11 - 65) + 12)?
25
Evaluate 14 + (7 - -23) - (20 - 18).
42
Calculate 2 + 26 + 607 + -596.
39
103 + (-126 - (-72 - -32))
17
Calculate 109 - 35 - 41 - 16.
17
What is 34 + -37 + -8 + 20 + 9?
18
What is the value of -105 - ((-2 - 0 - (0 + -21 + 16)) + -1)?
-107
What is the value of 37 - (24 + 20) - -24?
17
What is (191 - 78) + -88 + (-20 - 1) + -109 + -1?
-106
What is 22 + -26 + 15 + -3 + (-74 - -74)?
8
What is 2 + 14 + 5 - 88?
-67
What is the value of -23 - (30 + -118 + 21 + -27)?
71
What is 44 + -1 - (29 + (418 - 305))?
-99
What is 92 + (7 - 1 - (21 + -20 + 9 + -18))?
106
Calculate -10 - ((29 - 53) + 53).
-39
What is (-6 - 1) + 38 + 21 + 35 + 0?
87
Calculate (21 - -58) + -27 + 3.
55
What is (-40 - -49 - -3) + -27?
-15
What is -9 + -10 + 37 + -140 + 35?
-87
-73 + (55 - (46 + 0))
-64
(-692 - -734) + (7 + 4 - -2 - (4 + 0))
51
Calculate (10 - 1 - (30 - (-16 + 23)) - -6) + -42.
-50
What is the valu